{"id":682,"date":"2019-06-12T10:40:07","date_gmt":"2019-06-12T10:40:07","guid":{"rendered":"http:\/\/fclehre.de\/?page_id=682"},"modified":"2019-06-12T10:40:08","modified_gmt":"2019-06-12T10:40:08","slug":"impressum","status":"publish","type":"page","link":"https:\/\/fclehre.de\/?page_id=682","title":{"rendered":"Impressum"},"content":{"rendered":"\n<div class=\"wp-block-themeisle-blocks-advanced-columns has-1-columns has-desktop-equal-layout has-tablet-equal-layout has-mobile-equal-layout has-default-gap has-vertical-unset\" id=\"wp-block-themeisle-blocks-advanced-columns-db14af1d\" style=\"border-width:0px;border-style:solid;border-color:#000000;border-radius:0px;justify-content:unset\"><div class=\"wp-themeisle-block-overlay\" style=\"opacity:0.5;mix-blend-mode:normal\"><\/div><div class=\"innerblocks-wrap\">\n<div class=\"wp-block-themeisle-blocks-advanced-column\" id=\"wp-block-themeisle-blocks-advanced-column-79ede2a9\" style=\"border-width:0px;border-style:solid;border-color:#000000;border-radius:0px\">\n<p>FC Lehre e.V.<br>Auf der G\u00fcnne 25<br>38165 Lehre<br>Tel.: (05308) 961 777<br>Fax: (05308) 707801<br>Mail: info@fclehre.de<br>Verantwortlicher: Volker Weber-Coordes<\/p>\n\n\n\n<p><strong>Haftungsasschluss<\/strong><\/p>\n\n\n\n<p>1. Inhalt des Onlineangebotes<\/p>\n\n\n\n<p>Der Autor \u00fcbernimmt keinerlei Gew\u00e4hr \nf\u00fcr die Aktualit\u00e4t, Korrektheit, Vollst\u00e4ndigkeit oder Qualit\u00e4t der \nbereitgestellten Informationen. Haftungsanspr\u00fcche gegen den Autor, \nwelche sich auf Sch\u00e4den materieller oder ideeller Art beziehen, die \ndurch die Nutzung oder Nichtnutzung der dargebotenen Informationen bzw. \ndurch die Nutzung fehlerhafter und unvollst\u00e4ndiger Informationen \nverursacht wurden, sind grunds\u00e4tzlich ausgeschlossen, sofern seitens des\n Autors kein nachweislich vors\u00e4tzliches oder grob fahrl\u00e4ssiges \nVerschulden vorliegt.<br>\n\t\t\t\t\t\t\t\t\t\tAlle Angebote sind freibleibend und unverbindlich. Der Autor \nbeh\u00e4lt es sich ausdr\u00fccklich vor, Teile der Seiten oder das gesamte \nAngebot ohne gesonderte Ank\u00fcndigung zu ver\u00e4ndern, zu erg\u00e4nzen, zu \nl\u00f6schen oder die Ver\u00f6ffentlichung zeitweise oder endg\u00fcltig einzustellen.<\/p>\n\n\n\n<p>2. Verweise und Links<\/p>\n\n\n\n<p>Bei direkten oder indirekten Verweisen \nauf fremde Webseiten (&#8222;Hyperlinks&#8220;), die au\u00dferhalb des \nVerantwortungsbereiches des Autors liegen, w\u00fcrde eine \nHaftungsverpflichtung ausschlie\u00dflich in dem Fall in Kraft treten, in dem\n der Autor von den Inhalten Kenntnis hat und es ihm technisch m\u00f6glich \nund zumutbar w\u00e4re, die Nutzung im Falle rechtswidriger Inhalte zu \nverhindern.<br>\n\t\t\t\t\t\t\t\t\t\tDer Autor erkl\u00e4rt hiermit ausdr\u00fccklich, dass zum Zeitpunkt der\n Linksetzung keine illegalen Inhalte auf den zu verlinkenden Seiten \nerkennbar waren. Auf die aktuelle und zuk\u00fcnftige Gestaltung, die Inhalte\n oder die Urheberschaft der verlinkten\/verkn\u00fcpften Seiten hat der Autor \nkeinerlei Einfluss. Deshalb distanziert er sich hiermit ausdr\u00fccklich von\n allen Inhalten aller verlinkten \/verkn\u00fcpften Seiten, die nach der \nLinksetzung ver\u00e4ndert wurden. Diese Feststellung gilt f\u00fcr alle innerhalb\n des eigenen Internetangebotes gesetzten Links und Verweise sowie f\u00fcr \nFremdeintr\u00e4ge in vom Autor eingerichteten G\u00e4steb\u00fcchern, \nDiskussionsforen, Linkverzeichnissen, Mailinglisten und in allen anderen\n Formen von Datenbanken, auf deren Inhalt externe Schreibzugriffe \nm\u00f6glich sind. F\u00fcr illegale, fehlerhafte oder unvollst\u00e4ndige Inhalte und \ninsbesondere f\u00fcr Sch\u00e4den, die aus der Nutzung oder Nichtnutzung \nsolcherart dargebotener Informationen entstehen, haftet allein der \nAnbieter der Seite, auf welche verwiesen wurde, nicht derjenige, der \n\u00fcber Links auf die jeweilige Ver\u00f6ffentlichung lediglich verweist.<\/p>\n\n\n\n<p>3. Urheber- und Kennzeichenrecht<\/p>\n\n\n\n<p>Der Autor ist bestrebt, in allen \nPublikationen die Urheberrechte der verwendeten Bilder, Grafiken, \nTondokumente, Videosequenzen und Texte zu beachten, von ihm selbst \nerstellte Bilder, Grafiken, Tondokumente, Videosequenzen und Texte zu \nnutzen oder auf lizenzfreie Grafiken, Tondokumente, Videosequenzen und \nTexte zur\u00fcckzugreifen.<br>\n\t\t\t\t\t\t\t\t\t\tAlle innerhalb des Internetangebotes genannten und ggf. durch \nDritte gesch\u00fctzten Marken- und Warenzeichen unterliegen uneingeschr\u00e4nkt \nden Bestimmungen des jeweils g\u00fcltigen Kennzeichenrechts und den \nBesitzrechten der jeweiligen eingetragenen Eigent\u00fcmer. Allein aufgrund \nder blo\u00dfen Nennung ist nicht der Schluss zu ziehen, dass Markenzeichen \nnicht durch Rechte Dritter gesch\u00fctzt sind!<br>\n\t\t\t\t\t\t\t\t\t\tDas Copyright f\u00fcr ver\u00f6ffentlichte, vom Autor selbst erstellte \nObjekte bleibt allein beim Autor der Seiten. Eine Vervielf\u00e4ltigung oder \nVerwendung solcher Grafiken, Tondokumente, Videosequenzen und Texte in \nanderen elektronischen oder gedruckten Publikationen ist ohne \nausdr\u00fcckliche Zustimmung des Autors nicht gestattet.<\/p>\n\n\n\n<p>4. Datenschutz<\/p>\n\n\n\n<p>Sofern innerhalb des Internetangebotes \ndie M\u00f6glichkeit zur Eingabe pers\u00f6nlicher oder gesch\u00e4ftlicher Daten \n(Emailadressen, Namen, Anschriften) besteht, so erfolgt die Preisgabe \ndieser Daten seitens des Nutzers auf ausdr\u00fccklich freiwilliger Basis. \nDie Inanspruchnahme und Bezahlung aller angebotenen Dienste ist &#8211; soweit\n technisch m\u00f6glich und zumutbar &#8211; auch ohne Angabe solcher Daten bzw. \nunter Angabe anonymisierter Daten oder eines Pseudonyms gestattet. Die \nNutzung der im Rahmen des Impressums oder vergleichbarer Angaben \nver\u00f6ffentlichten Kontaktdaten wie Postanschriften, Telefon- und \nFaxnummern sowie Emailadressen durch Dritte zur \u00dcbersendung von nicht \nausdr\u00fccklich angeforderten Informationen ist nicht gestattet. Rechtliche\n Schritte gegen die Versender von sogenannten Spam-Mails bei Verst\u00f6ssen \ngegen dieses Verbot sind ausdr\u00fccklich vorbehalten.<\/p>\n\n\n\n<p>5. Rechtswirksamkeit dieses Haftungsausschlusses<br>\n\t\t\t\t\t\t\t\t\t<\/p>\n\n\n\n<p>Dieser Haftungsausschluss ist als Teil \ndes Internetangebotes zu betrachten, von dem aus auf diese Seite \nverwiesen wurde. Sofern Teile oder einzelne Formulierungen dieses Textes\n der geltenden Rechtslage nicht, nicht mehr oder nicht vollst\u00e4ndig \nentsprechen sollten, bleiben die \u00fcbrigen Teile des Dokumentes in ihrem \nInhalt und ihrer G\u00fcltigkeit davon unber\u00fchrt.<\/p>\n<\/div>\n<\/div><\/div>\n","protected":false},"excerpt":{"rendered":"","protected":false},"author":1,"featured_media":0,"parent":0,"menu_order":0,"comment_status":"closed","ping_status":"closed","template":"","meta":{"_themeisle_gutenberg_block_has_review":false,"footnotes":""},"_links":{"self":[{"href":"https:\/\/fclehre.de\/index.php?rest_route=\/wp\/v2\/pages\/682"}],"collection":[{"href":"https:\/\/fclehre.de\/index.php?rest_route=\/wp\/v2\/pages"}],"about":[{"href":"https:\/\/fclehre.de\/index.php?rest_route=\/wp\/v2\/types\/page"}],"author":[{"embeddable":true,"href":"https:\/\/fclehre.de\/index.php?rest_route=\/wp\/v2\/users\/1"}],"replies":[{"embeddable":true,"href":"https:\/\/fclehre.de\/index.php?rest_route=%2Fwp%2Fv2%2Fcomments&post=682"}],"version-history":[{"count":1,"href":"https:\/\/fclehre.de\/index.php?rest_route=\/wp\/v2\/pages\/682\/revisions"}],"predecessor-version":[{"id":683,"href":"https:\/\/fclehre.de\/index.php?rest_route=\/wp\/v2\/pages\/682\/revisions\/683"}],"wp:attachment":[{"href":"https:\/\/fclehre.de\/index.php?rest_route=%2Fwp%2Fv2%2Fmedia&parent=682"}],"curies":[{"name":"wp","href":"https:\/\/api.w.org\/{rel}","templated":true}]}}